 k(h) = 28*h - 1821. Determine k(66).
27
Let s(t) = t**3 + 6*t**2 + 11*t + 2. What is s(-8)?
-214
Let b(i) = -2*i**2 + 26*i - 141. Determine b(11).
-97
Let l(u) = u**2 + 72*u + 658. Calculate l(-30).
-602
Let i(q) = -5*q**3 + 544*q**2 + 640*q + 2203. Give i(110).
3
Let a(c) = -c**3 - 98*c**2 - 294*c - 822. What is a(-95)?
33
Let b(z) = 75*z - 171. Calculate b(5).
204
Let y(f) = 3*f**2 - 78*f - 191. What is y(34)?
625
Let u(p) = p**3 - 14*p**2 - 19*p + 45. Determine u(14).
-221
Let x(g) = 631*g - 2524. Give x(4).
0
Let c(a) = -22*a**2 - 1872*a - 174. Give c(-85).
-4
Let o(g) = -g**2 + 52*g - 229. Give o(5).
6
Let h(f) = -f**2 + 6357*f - 95131. What is h(15)?
-1
Let d(p) = -p**3 - 33*p**2 - 283*p - 343. Calculate d(-13).
-44
Let t(c) = -97*c - 6009. What is t(-62)?
5
Let u(x) = 13*x + 336. Give u(0).
336
Let a(y) = -2*y**3 + 256*y**2 - 249*y - 639. Give a(127).
-4
Let o(w) = 4*w**2 - 101*w - 554. Determine o(30).
16
Let p(f) = 37*f + 2735. Give p(-74).
-3
Let u(v) = v**3 + 18*v**2 + 69*v - 22. Give u(-9).
86
Let a(r) = -7*r**3 + 527*r**2 - 147*r - 202. Determine a(75).
23
Let n(l) = 3*l**3 - 6*l**2 + 9*l. Calculate n(2).
18
Let b(n) = -15*n - 298. Calculate b(-2).
-268
Let p(q) = 7220*q - 238265. What is p(33)?
-5
Let f(j) = 79*j + 51. What is f(-4)?
-265
Let z(g) = -72*g**2 - 670*g - 213. Determine z(-9).
-15
Let a(t) = t**2 + 39*t - 6. Give a(0).
-6
Let x(f) = f**3 + 90*f**2 - 87*f - 535. What is x(-91)?
-899
Let u(g) = -2*g**3 - 47*g**2 - 21*g + 49. Determine u(-23).
3
Let z(q) = q**3 - 231*q**2 - 231*q - 224. Give z(232).
8
Let p(h) = -14*h**2 - 200*h - 698. What is p(-7)?
16
Let n(j) = -j**3 + 59*j**2 + 57*j + 179. Determine n(60).
-1
Let a(n) = -n**3 + 10*n**2 + 679*n - 2814. Give a(4).
-2
Let d(s) = s**3 - 2*s**2 - 35*s + 21. Give d(-6).
-57
Let h(i) = 7*i**3 + 52*i**2 - 21*i + 16. What is h(-8)?
-72
Let p(u) = u**3 - 25*u**2 + 22*u + 155. Determine p(23).
-397
Let i(z) = -z**3 - 24*z**2 + 225*z - 65. Calculate i(7).
-9
Let l(a) = 33*a - 597. Determine l(18).
-3
Let w(t) = -6*t**3 + 3*t**2 + 6*t + 14. Give w(-3).
185
Let l(j) = -65*j**3 + 325*j**2 - 2*j - 1. Calculate l(5).
-11
Let t(i) = 88*i - 1248. What is t(14)?
-16
Let w(k) = -2*k**2 - 168*k + 707. Give w(4).
3
Let h(p) = -5*p**2 + 586*p - 2772. Determine h(5).
33
Let l(j) = 12*j - 1113. What is l(98)?
63
Let a(o) = -o**3 - 10*o**2 - 19*o + 37. What is a(-5)?
7
Let h(j) = 947*j + 3728. What is h(-4)?
-60
Let n(x) = 9*x**2 + 9*x - 30. What is n(6)?
348
Let b(c) = -c**3 - 5*c**2 - 18*c - 90. Determine b(-6).
54
Let s(l) = -l**2 - 59*l - 485. Calculate s(-16).
203
Let n(r) = r**3 + 11*r**2 + 17*r + 39. What is n(-9)?
48
Let h(r) = r**2 - r + 3. Give h(-8).
75
Let u(m) = -4*m**2 - 10*m + 20. Calculate u(-5).
-30
Let h(q) = -3*q**3 + 57*q**2 - 5*q - 6. What is h(19)?
-101
Let l(b) = 3*b**3 - 166*b**2 - 115*b - 11. Calculate l(56).
-179
Let t(q) = 12*q**2 + 673*q - 1332. What is t(-58)?
2
Let h(t) = t**3 - 12*t**2 + 33. Determine h(12).
33
Let k(s) = s**2 - 8400*s + 58738. Calculate k(7).
-13
Let z(k) = -k**3 + 39*k**2 + 40*k + 27. Give z(40).
27
Let p(l) = -l**3 + 102*l**2 - 203*l - 3. Give p(100).
-303
Let n(t) = 414*t - 7069. Give n(17).
-31
Let n(i) = -267*i**2 - 29103*i + 4. What is n(-109)?
4
Let n(q) = -q**3 - 54*q**2 + 8*q + 649. What is n(-54)?
217
Let r(s) = -2580*s - 12819. What is r(-5)?
81
Let u(h) = -12*h**2 - h + 5. What is u(3)?
-106
Let z(c) = 364*c - 8007. Determine z(22).
1
Let p(k) = 2*k**2 + 24*k + 44. What is p(-17)?
214
Let u(p) = 884*p + 5360. What is u(-6)?
56
Let u(x) = 2*x**3 - 34*x**2 + 138*x + 10. Calculate u(7).
-4
Let x(v) = v**2 + 71*v + 1141. Give x(-24).
13
Let g(c) = c**2 + 34*c - 415. What is g(-39)?
-220
Let t(f) = 159*f + 11130. What is t(-70)?
0
Let z(s) = -s**3 - 3*s**2 - s - 47. Give z(-5).
8
Let k(r) = 3*r**2 - 176*r + 612. Determine k(55).
7
Let z(h) = 122*h - 1209. Give z(10).
11
Let w(x) = 9*x**3 + 2*x**2 + 91*x + 177. Determine w(-2).
-69
Let x(r) = -8*r - 1354. Calculate x(-163).
-50
Let k(d) = d**3 + 42*d**2 + 429*d + 57. Determine k(-17).
-11
Let b(i) = -13*i**2 + 197*i + 418. Give b(17).
10
Let m(f) = -f**3 + 68*f**2 - 16*f + 1084. Determine m(68).
-4
Let c(s) = 1045*s + 3133. Give c(-3).
-2
Let h(r) = r**2 - 5*r - 52. Give h(10).
-2
Let s(r) = r**2 - 386*r - 31932. Give s(-70).
-12
Let q(f) = -f**2 - 77*f - 1238. Determine q(-23).
4
Let h(f) = 2259*f - 33871. Give h(15).
14
Let a(s) = 3*s**2 - 73*s + 291. Give a(20).
31
Let d(t) = 79*t - 9677. Calculate d(123).
40
Let t(r) = 10*r + 167. Give t(-17).
-3
Let y(o) = -o**3 + 22*o**2 + 43*o + 109. Calculate y(24).
-11
Let w(u) = -u**3 - 12*u**2 - 38*u - 106. Give w(-9).
-7
Let t(f) = 4*f**3 + 15*f**2 - 12*f - 6. Give t(2).
62
Let c(d) = -187*d + 1868. Give c(10).
-2
Let w(l) = l**2 - 43*l + 129. Calculate w(38).
-61
Let m(u) = -u**3 + 213*u**2 + 650*u - 441. Determine m(216).
-9
Let l(i) = -24*i**2 - 401*i + 51. Give l(-17).
-68
Let r(g) = -483*g + 2899. Calculate r(6).
1
Let o(f) = -2*f**2 - 4093*f + 24621. Give o(6).
-9
Let z(a) = 186*a - 40549. Determine z(218).
-1
Let l(f) = -f**3 + 596*f**2 + 10422*f + 23. Determine l(-17).
6
Let x(b) = -b**3 + 6*b**2 - 3*b + 4. Give x(-5).
294
Let o(d) = -2*d**2 + 12*d - 17. Give o(3).
1
Let j(o) = -18*o**2 + 428*o + 80. Determine j(24).
-16
Let k(b) = b**2 + 1974*b - 3955. Determine k(2).
-3
Let p(o) = -2*o**3 - 7*o**2 + 59*o + 43. Determine p(6).
-287
Let w(d) = -58*d - 1496. Give w(-26).
12
Let c(z) = -2*z**2 + 139*z - 2242. What is c(44)?
2
Let w(o) = -4*o**2 + 43*o - 59. Give w(8).
29
Let n(o) = o**2 - 72*o - 114. Give n(67).
-449
Let r(h) = 55*h - 29. Give r(-2).
-139
Let j(s) = -1502*s + 34558. What is j(23)?
12
Let c(p) = 94*p**2 - 3950*p + 4. What is c(42)?
-80
Let k(o) = 135*o - 685. Calculate k(5).
-10
Let t(o) = -o**3 - 25*o**2 - 94*o + 385. Calculate t(-19).
5
Let g(r) = -539*r + 539. What is g(1)?
0
Let h(f) = -f**3 + 57*f**2 - 162*f + 38. Calculate h(54).
38
Let i(w) = -11*w + 154. Give i(9).
55
Let g(y) = y**3 + 59*y**2 + 60*y - 3078. Determine g(-57).
0
Let h(f) = 188*f**3 + 3*f**2 + f + 1. Calculate h(-1).
-185
Let j(p) = -p**2 + 76*p - 785. Give j(63).
34
Let v(c) = -47*c + 63. What is v(1)?
16
Let m(y) = y**3 + 9*y**2 + 30*y + 422. Calculate m(-10).
22
Let z(y) = y**2 + 11*y - 2573. Calculate z(46).
49
Let y(m) = 2*m**2 + 1701*m + 23431. Calculate y(-14).
9
Let q(t) = -4*t**3 - 4*t**2 - 108*t + 110. Calculate q(1).
-6
Let b(u) = -79*u + 59. Give b(1).
-20
Let a(x) = 525*x - 2639. Give a(5).
-14
Let j(y) = -2283*y + 2283. Calculate j(1).
0
Let r(l) = l**3 - 13*l**2 + 59*l - 410. Calculate r(11).
-3
Let o(z) = 454*z + 7273. Calculate o(-16).
9
Let s(g) = g**2 - 36*g + 111. Calculate s(34).
43
Let d(r) = -3*r**2 + 165*r + 165. Give d(-1).
-3
Let o(k) = 2*k**2 - 24035*k + 48068. What is o(2)?
6
Let r(s) = -s**2 + 66*s - 1025. Calculate r(26).
15
Let l(y) = -y**2 - 38*y - 194. Calculate l(-29).
67
Let x(q) = 204*q + 1207. Give x(-9).
-629
Let y(g) = g**3 - 4*g**2 - 11*g + 57. Give y(9).
363
Let i(t) = -246*t**2 + 16*t - 16. Determine i(1).
-246
Let a(u) = 104*u + 28. Determine a(-2).
-180
Let b(w) = w**2 - 37*w + 20. Calculate b(30).
-190
Let d(v) = -62*v - 350. Give d(-8).
146
Let k(r) = -r**2 - 92*r - 1932. Determine k(-60).
-12
Let k(o) = o**3 + 10*o**2 + 206*o + 953. Determine k(-5).
48
Let a(r) = r**2 + 74*r - 9625. What is a(-142)?
31
Let l(b) = -143*b**2 - 106*b + 217. Calculate l(2).
-567
Let j(n) = -12*n + 20. Determine j(11).
-112
Let w(m) = 11*m**2 + 3*m + 35. What is w(-4)?
199
Let d(b) = 9*b - 359. What is d(33)?
-62
Let w(k) = -2*k**2 + 87*k + 120. Calculate w(44).
76
Let d(c) = -2*c**2 - 28*c - 106. Calculate d(-4).
-26
Let k(h) = -h**3 - 22*h**2 + 23*h + 51. What is k(-22)?
-455
Let x(a) = -1024*a - 103431. Determine x(-101).
-7
Let t(x) = x**3 + 29*x**2 + 108*x + 2246. Give t(-28).
6
Let h(q) = q**2 - 4326*q + 21612. Calculate h(5).
7
Let u(k) = -k**3 - 10*k**2 - 34*k - 42. Determine u(-5).
3
Let o(j) = 16*j + 207. Calculate o(-14).
-17
Let j(w) = 16*w**2 + 108*w - 311. What is j(3)?
157
Let n(m) = -10*m**2 - 195*m - 64. What is n(-19)?
31
Let t(r) = -r - 73. What is t(6)?
-79
Let f(j) = -j**3 + 14*j**2 - 84*j + 902. Determine f(13).
-21
Let p(b) = 45*b - 325. Determine p(11).
170
Let g(h) = -5*h**3 - 68*h**2 + 289*h +